{"id":3448,"date":"2020-06-30T20:00:59","date_gmt":"2020-06-30T20:00:59","guid":{"rendered":"https:\/\/xn--bestilmorgenbrd-jub.dk\/odense-s\/?page_id=3448"},"modified":"2020-08-19T17:00:27","modified_gmt":"2020-08-19T17:00:27","slug":"om-bageren","status":"publish","type":"page","link":"https:\/\/xn--bestilmorgenbrd-jub.dk\/odense-s\/om-bageren\/","title":{"rendered":"Om Bageren"},"content":{"rendered":"\t\t<div data-elementor-type=\"wp-page\" data-elementor-id=\"3448\" class=\"elementor elementor-3448\">\n\t\t\t\t\t\t<section class=\"elementor-section elementor-top-section elementor-element elementor-element-349ae637 elementor-section-content-middle elementor-section-boxed elementor-section-height-default elementor-section-height-default\" data-id=\"349ae637\" data-element_type=\"section\" data-settings=\"{&quot;background_background&quot;:&quot;gradient&quot;}\">\n\t\t\t\t\t\t\t<div class=\"elementor-background-overlay\"><\/div>\n\t\t\t\t\t\t\t<div class=\"elementor-container elementor-column-gap-default\">\n\t\t\t\t\t<div class=\"elementor-column elementor-col-50 elementor-top-column elementor-element elementor-element-61354c36\" data-id=\"61354c36\" data-element_type=\"column\">\n\t\t\t<div class=\"elementor-widget-wrap elementor-element-populated\">\n\t\t\t\t\t\t<div class=\"elementor-element elementor-element-d7990a8 elementor-widget elementor-widget-image\" data-id=\"d7990a8\" data-element_type=\"widget\" data-widget_type=\"image.default\">\n\t\t\t\t<div class=\"elementor-widget-container\">\n\t\t\t\t\t\t\t\t\t\t\t\t\t\t\t<img fetchpriority=\"high\" decoding=\"async\" width=\"246\" height=\"300\" src=\"https:\/\/xn--bestilmorgenbrd-jub.dk\/odense-s\/wp-content\/uploads\/sites\/2\/2020\/06\/dame-med-kurv-udklip-lille-1-246x300.png\" class=\"attachment-medium size-medium wp-image-3413\" alt=\"\" srcset=\"https:\/\/xn--bestilmorgenbrd-jub.dk\/odense-s\/wp-content\/uploads\/sites\/2\/2020\/06\/dame-med-kurv-udklip-lille-1-246x300.png 246w, https:\/\/xn--bestilmorgenbrd-jub.dk\/odense-s\/wp-content\/uploads\/sites\/2\/2020\/06\/dame-med-kurv-udklip-lille-1-839x1024.png 839w, https:\/\/xn--bestilmorgenbrd-jub.dk\/odense-s\/wp-content\/uploads\/sites\/2\/2020\/06\/dame-med-kurv-udklip-lille-1-768x937.png 768w, https:\/\/xn--bestilmorgenbrd-jub.dk\/odense-s\/wp-content\/uploads\/sites\/2\/2020\/06\/dame-med-kurv-udklip-lille-1-600x732.png 600w, https:\/\/xn--bestilmorgenbrd-jub.dk\/odense-s\/wp-content\/uploads\/sites\/2\/2020\/06\/dame-med-kurv-udklip-lille-1.png 1000w\" sizes=\"(max-width: 246px) 100vw, 246px\" \/>\t\t\t\t\t\t\t\t\t\t\t\t\t\t\t<\/div>\n\t\t\t\t<\/div>\n\t\t\t\t\t<\/div>\n\t\t<\/div>\n\t\t\t\t<div class=\"elementor-column elementor-col-50 elementor-top-column elementor-element elementor-element-4a4939a1\" data-id=\"4a4939a1\" data-element_type=\"column\">\n\t\t\t<div class=\"elementor-widget-wrap elementor-element-populated\">\n\t\t\t\t\t\t<div class=\"elementor-element elementor-element-6c292091 elementor-widget elementor-widget-heading\" data-id=\"6c292091\" data-element_type=\"widget\" data-widget_type=\"heading.default\">\n\t\t\t\t<div class=\"elementor-widget-container\">\n\t\t\t\t\t<h1 class=\"elementor-heading-title elementor-size-default\">Om Bageren<\/h1>\t\t\t\t<\/div>\n\t\t\t\t<\/div>\n\t\t\t\t\t<\/div>\n\t\t<\/div>\n\t\t\t\t\t<\/div>\n\t\t<\/section>\n\t\t\t\t<section class=\"elementor-section elementor-top-section elementor-element elementor-element-2134b9c9 elementor-section-boxed elementor-section-height-default elementor-section-height-default\" data-id=\"2134b9c9\" data-element_type=\"section\">\n\t\t\t\t\t\t<div class=\"elementor-container elementor-column-gap-default\">\n\t\t\t\t\t<div class=\"elementor-column elementor-col-100 elementor-top-column elementor-element elementor-element-2d20a258\" data-id=\"2d20a258\" data-element_type=\"column\" data-settings=\"{&quot;background_background&quot;:&quot;classic&quot;}\">\n\t\t\t<div class=\"elementor-widget-wrap elementor-element-populated\">\n\t\t\t\t\t\t<section class=\"elementor-section elementor-inner-section elementor-element elementor-element-554efdd5 elementor-section-full_width elementor-section-content-middle elementor-section-height-default elementor-section-height-default\" data-id=\"554efdd5\" data-element_type=\"section\">\n\t\t\t\t\t\t<div class=\"elementor-container elementor-column-gap-no\">\n\t\t\t\t\t<div class=\"elementor-column elementor-col-50 elementor-inner-column elementor-element elementor-element-3ede3415\" data-id=\"3ede3415\" data-element_type=\"column\" data-settings=\"{&quot;background_background&quot;:&quot;classic&quot;}\">\n\t\t\t<div class=\"elementor-widget-wrap elementor-element-populated\">\n\t\t\t\t\t\t<div class=\"elementor-element elementor-element-46015b4c elementor-widget elementor-widget-heading\" data-id=\"46015b4c\" data-element_type=\"widget\" data-widget_type=\"heading.default\">\n\t\t\t\t<div class=\"elementor-widget-container\">\n\t\t\t\t\t<h2 class=\"elementor-heading-title elementor-size-default\">Om Sdr. N\u00e6r\u00e5 Bageri<\/h2>\t\t\t\t<\/div>\n\t\t\t\t<\/div>\n\t\t\t\t<div class=\"elementor-element elementor-element-41e61c81 elementor-widget elementor-widget-text-editor\" data-id=\"41e61c81\" data-element_type=\"widget\" data-widget_type=\"text-editor.default\">\n\t\t\t\t<div class=\"elementor-widget-container\">\n\t\t\t\t\t\t\t\t\t<h4>Sdr. N\u00e6r\u00e5 bageri er et af de \u00e6ldste bagerier i Danmark<\/h4><p>Siden\u00a01892 har Sdr. N\u00e6r\u00e5 bageri ligget p\u00e5 \u00c5vej 1 i Sdr. N\u00e6r\u00e5.<br \/>Vi har derfor lange traditioner inden for bagv\u00e6rk, is\u00e6r rugbr\u00f8d, som vi bager helt uden hvedemel og tils\u00e6tningsstoffer. Desuden laver vi alle vores grovbr\u00f8d fra bunden.<\/p><h4>Hvem er vi<\/h4><p>Vores bagere Morten Madsen og Nathalie er to meget engagerede\u00a0bagere som hele tiden er igang med at udvikle og finde p\u00e5 nye br\u00f8d og kager.<\/p><h4>Hjemmeside<\/h4><p>Klik p\u00e5 billedet til h\u00f8jre for at bes\u00f8ge Sdr. N\u00e6r\u00e5\u00a0 bageri&#8217;s egen hjemmeside. Via kontaktinformationer p\u00e5 bageriets egen hjemmeside kan du bestille f.eks. Bryllupskager, store festkager og andre specialprodukter som ikke kan bestilles online via bestilmorgenbr\u00f8d.dk<\/p>\t\t\t\t\t\t\t\t<\/div>\n\t\t\t\t<\/div>\n\t\t\t\t\t<\/div>\n\t\t<\/div>\n\t\t\t\t<div class=\"elementor-column elementor-col-50 elementor-inner-column elementor-element elementor-element-49561612\" data-id=\"49561612\" data-element_type=\"column\" data-settings=\"{&quot;background_background&quot;:&quot;classic&quot;}\">\n\t\t\t<div class=\"elementor-widget-wrap elementor-element-populated\">\n\t\t\t\t\t<div class=\"elementor-background-overlay\"><\/div>\n\t\t\t\t\t\t<div class=\"elementor-element elementor-element-3e435559 elementor-widget elementor-widget-image\" data-id=\"3e435559\" data-element_type=\"widget\" data-widget_type=\"image.default\">\n\t\t\t\t<div class=\"elementor-widget-container\">\n\t\t\t\t\t\t\t\t\t\t\t\t\t\t\t\t<a href=\"https:\/\/snbageri.dk\/\" target=\"_blank\">\n\t\t\t\t\t\t\t<img decoding=\"async\" width=\"756\" height=\"499\" src=\"https:\/\/xn--bestilmorgenbrd-jub.dk\/odense-s\/wp-content\/uploads\/sites\/2\/2020\/08\/bageri.jpg\" class=\"attachment-medium_large size-medium_large wp-image-3671\" alt=\"sdr. n\u00e6r\u00e5 bageri\" srcset=\"https:\/\/xn--bestilmorgenbrd-jub.dk\/odense-s\/wp-content\/uploads\/sites\/2\/2020\/08\/bageri.jpg 756w, https:\/\/xn--bestilmorgenbrd-jub.dk\/odense-s\/wp-content\/uploads\/sites\/2\/2020\/08\/bageri-300x198.jpg 300w, https:\/\/xn--bestilmorgenbrd-jub.dk\/odense-s\/wp-content\/uploads\/sites\/2\/2020\/08\/bageri-600x396.jpg 600w\" sizes=\"(max-width: 756px) 100vw, 756px\" \/>\t\t\t\t\t\t\t\t<\/a>\n\t\t\t\t\t\t\t\t\t\t\t\t\t\t\t<\/div>\n\t\t\t\t<\/div>\n\t\t\t\t<div class=\"elementor-element elementor-element-fe67903 elementor-widget__width-initial elementor-widget-mobile__width-initial elementor-widget elementor-widget-image\" data-id=\"fe67903\" data-element_type=\"widget\" data-widget_type=\"image.default\">\n\t\t\t\t<div class=\"elementor-widget-container\">\n\t\t\t\t\t\t\t\t\t\t\t\t<figure class=\"wp-caption\">\n\t\t\t\t\t\t\t\t\t\t\t<a href=\"https:\/\/snbageri.dk\/galleri\/\" target=\"_blank\">\n\t\t\t\t\t\t\t<img decoding=\"async\" width=\"300\" height=\"276\" src=\"https:\/\/xn--bestilmorgenbrd-jub.dk\/odense-s\/wp-content\/uploads\/sites\/2\/2020\/08\/foedselsdagskage6-300x276.jpg\" class=\"attachment-medium size-medium wp-image-3685\" alt=\"F\u00f8dselsdagskage med traktor\" srcset=\"https:\/\/xn--bestilmorgenbrd-jub.dk\/odense-s\/wp-content\/uploads\/sites\/2\/2020\/08\/foedselsdagskage6-300x276.jpg 300w, https:\/\/xn--bestilmorgenbrd-jub.dk\/odense-s\/wp-content\/uploads\/sites\/2\/2020\/08\/foedselsdagskage6-768x707.jpg 768w, https:\/\/xn--bestilmorgenbrd-jub.dk\/odense-s\/wp-content\/uploads\/sites\/2\/2020\/08\/foedselsdagskage6-600x552.jpg 600w, https:\/\/xn--bestilmorgenbrd-jub.dk\/odense-s\/wp-content\/uploads\/sites\/2\/2020\/08\/foedselsdagskage6.jpg 1000w\" sizes=\"(max-width: 300px) 100vw, 300px\" \/>\t\t\t\t\t\t\t\t<\/a>\n\t\t\t\t\t\t\t\t\t\t\t<figcaption class=\"widget-image-caption wp-caption-text\">F\u00f8dselsdagskage med traktor<\/figcaption>\n\t\t\t\t\t\t\t\t\t\t<\/figure>\n\t\t\t\t\t\t\t\t\t<\/div>\n\t\t\t\t<\/div>\n\t\t\t\t<div class=\"elementor-element elementor-element-40cdaaf elementor-widget__width-initial elementor-widget-mobile__width-initial elementor-widget elementor-widget-image\" data-id=\"40cdaaf\" data-element_type=\"widget\" data-widget_type=\"image.default\">\n\t\t\t\t<div class=\"elementor-widget-container\">\n\t\t\t\t\t\t\t\t\t\t\t\t<figure class=\"wp-caption\">\n\t\t\t\t\t\t\t\t\t\t\t<a href=\"https:\/\/snbageri.dk\/galleri\/\" target=\"_blank\">\n\t\t\t\t\t\t\t<img loading=\"lazy\" decoding=\"async\" width=\"300\" height=\"300\" src=\"https:\/\/xn--bestilmorgenbrd-jub.dk\/odense-s\/wp-content\/uploads\/sites\/2\/2020\/08\/frugttaerte-50-personer-300x300.jpg\" class=\"attachment-medium size-medium wp-image-3686\" alt=\"Frugtt\u00e6rte til 50 personer\" srcset=\"https:\/\/xn--bestilmorgenbrd-jub.dk\/odense-s\/wp-content\/uploads\/sites\/2\/2020\/08\/frugttaerte-50-personer-300x300.jpg 300w, https:\/\/xn--bestilmorgenbrd-jub.dk\/odense-s\/wp-content\/uploads\/sites\/2\/2020\/08\/frugttaerte-50-personer-150x150.jpg 150w, https:\/\/xn--bestilmorgenbrd-jub.dk\/odense-s\/wp-content\/uploads\/sites\/2\/2020\/08\/frugttaerte-50-personer-768x768.jpg 768w, https:\/\/xn--bestilmorgenbrd-jub.dk\/odense-s\/wp-content\/uploads\/sites\/2\/2020\/08\/frugttaerte-50-personer-600x600.jpg 600w, https:\/\/xn--bestilmorgenbrd-jub.dk\/odense-s\/wp-content\/uploads\/sites\/2\/2020\/08\/frugttaerte-50-personer-100x100.jpg 100w, https:\/\/xn--bestilmorgenbrd-jub.dk\/odense-s\/wp-content\/uploads\/sites\/2\/2020\/08\/frugttaerte-50-personer.jpg 1000w\" sizes=\"(max-width: 300px) 100vw, 300px\" \/>\t\t\t\t\t\t\t\t<\/a>\n\t\t\t\t\t\t\t\t\t\t\t<figcaption class=\"widget-image-caption wp-caption-text\">Frugtt\u00e6rte 50 personer<\/figcaption>\n\t\t\t\t\t\t\t\t\t\t<\/figure>\n\t\t\t\t\t\t\t\t\t<\/div>\n\t\t\t\t<\/div>\n\t\t\t\t<div class=\"elementor-element elementor-element-ec9f1a6 elementor-widget__width-initial elementor-widget-mobile__width-initial elementor-widget elementor-widget-image\" data-id=\"ec9f1a6\" data-element_type=\"widget\" data-widget_type=\"image.default\">\n\t\t\t\t<div class=\"elementor-widget-container\">\n\t\t\t\t\t\t\t\t\t\t\t\t<figure class=\"wp-caption\">\n\t\t\t\t\t\t\t\t\t\t\t<a href=\"https:\/\/snbageri.dk\/galleri\/\" target=\"_blank\">\n\t\t\t\t\t\t\t<img loading=\"lazy\" decoding=\"async\" width=\"300\" height=\"297\" src=\"https:\/\/xn--bestilmorgenbrd-jub.dk\/odense-s\/wp-content\/uploads\/sites\/2\/2020\/08\/bryllupskage-fcm-300x297.jpg\" class=\"attachment-medium size-medium wp-image-3687\" alt=\"Bryllupskage FCM\" srcset=\"https:\/\/xn--bestilmorgenbrd-jub.dk\/odense-s\/wp-content\/uploads\/sites\/2\/2020\/08\/bryllupskage-fcm-300x297.jpg 300w, https:\/\/xn--bestilmorgenbrd-jub.dk\/odense-s\/wp-content\/uploads\/sites\/2\/2020\/08\/bryllupskage-fcm-150x150.jpg 150w, https:\/\/xn--bestilmorgenbrd-jub.dk\/odense-s\/wp-content\/uploads\/sites\/2\/2020\/08\/bryllupskage-fcm-768x760.jpg 768w, https:\/\/xn--bestilmorgenbrd-jub.dk\/odense-s\/wp-content\/uploads\/sites\/2\/2020\/08\/bryllupskage-fcm-600x593.jpg 600w, https:\/\/xn--bestilmorgenbrd-jub.dk\/odense-s\/wp-content\/uploads\/sites\/2\/2020\/08\/bryllupskage-fcm-100x100.jpg 100w, https:\/\/xn--bestilmorgenbrd-jub.dk\/odense-s\/wp-content\/uploads\/sites\/2\/2020\/08\/bryllupskage-fcm.jpg 1000w\" sizes=\"(max-width: 300px) 100vw, 300px\" \/>\t\t\t\t\t\t\t\t<\/a>\n\t\t\t\t\t\t\t\t\t\t\t<figcaption class=\"widget-image-caption wp-caption-text\">Bryllupskage<\/figcaption>\n\t\t\t\t\t\t\t\t\t\t<\/figure>\n\t\t\t\t\t\t\t\t\t<\/div>\n\t\t\t\t<\/div>\n\t\t\t\t<div class=\"elementor-element elementor-element-b851574 elementor-widget__width-initial elementor-widget-mobile__width-initial elementor-widget elementor-widget-image\" data-id=\"b851574\" data-element_type=\"widget\" data-widget_type=\"image.default\">\n\t\t\t\t<div class=\"elementor-widget-container\">\n\t\t\t\t\t\t\t\t\t\t\t\t<figure class=\"wp-caption\">\n\t\t\t\t\t\t\t\t\t\t\t<a href=\"https:\/\/snbageri.dk\/galleri\/\" target=\"_blank\">\n\t\t\t\t\t\t\t<img loading=\"lazy\" decoding=\"async\" width=\"293\" height=\"300\" src=\"https:\/\/xn--bestilmorgenbrd-jub.dk\/odense-s\/wp-content\/uploads\/sites\/2\/2020\/08\/bryllupskage2-293x300.jpg\" class=\"attachment-medium size-medium wp-image-3688\" alt=\"Bryllupskage\" srcset=\"https:\/\/xn--bestilmorgenbrd-jub.dk\/odense-s\/wp-content\/uploads\/sites\/2\/2020\/08\/bryllupskage2-293x300.jpg 293w, https:\/\/xn--bestilmorgenbrd-jub.dk\/odense-s\/wp-content\/uploads\/sites\/2\/2020\/08\/bryllupskage2-768x786.jpg 768w, https:\/\/xn--bestilmorgenbrd-jub.dk\/odense-s\/wp-content\/uploads\/sites\/2\/2020\/08\/bryllupskage2-600x614.jpg 600w, https:\/\/xn--bestilmorgenbrd-jub.dk\/odense-s\/wp-content\/uploads\/sites\/2\/2020\/08\/bryllupskage2.jpg 1000w\" sizes=\"(max-width: 293px) 100vw, 293px\" \/>\t\t\t\t\t\t\t\t<\/a>\n\t\t\t\t\t\t\t\t\t\t\t<figcaption class=\"widget-image-caption wp-caption-text\">Bryllupskage<\/figcaption>\n\t\t\t\t\t\t\t\t\t\t<\/figure>\n\t\t\t\t\t\t\t\t\t<\/div>\n\t\t\t\t<\/div>\n\t\t\t\t\t<\/div>\n\t\t<\/div>\n\t\t\t\t\t<\/div>\n\t\t<\/section>\n\t\t\t\t\t<\/div>\n\t\t<\/div>\n\t\t\t\t\t<\/div>\n\t\t<\/section>\n\t\t\t\t<\/div>\n\t\t","protected":false},"excerpt":{"rendered":"<p>Om Bageren Om Sdr. N\u00e6r\u00e5 Bageri Sdr. N\u00e6r\u00e5 bageri er et af de \u00e6ldste bagerier i Danmark Siden\u00a01892 har Sdr. N\u00e6r\u00e5 bageri ligget p\u00e5 \u00c5vej 1 i Sdr. N\u00e6r\u00e5.Vi har derfor lange traditioner inden for bagv\u00e6rk, is\u00e6r rugbr\u00f8d, som vi bager helt uden hvedemel og tils\u00e6tningsstoffer. Desuden laver vi alle vores grovbr\u00f8d fra bunden. Hvem &hellip;<\/p>\n<p class=\"read-more\"> <a class=\"\" href=\"https:\/\/xn--bestilmorgenbrd-jub.dk\/odense-s\/om-bageren\/\"> <span class=\"screen-reader-text\">Om Bageren<\/span> L\u00e6s mere &raquo;<\/a><\/p>\n","protected":false},"author":1,"featured_media":0,"parent":0,"menu_order":0,"comment_status":"closed","ping_status":"closed","template":"","meta":{"site-sidebar-layout":"no-sidebar","site-content-layout":"page-builder","ast-global-header-display":"","ast-main-header-display":"","ast-hfb-above-header-display":"","ast-hfb-below-header-display":"","ast-hfb-mobile-header-display":"","site-post-title":"disabled","ast-breadcrumbs-content":"","ast-featured-img":"disabled","footer-sml-layout":"","theme-transparent-header-meta":"default","adv-header-id-meta":"","stick-header-meta":"","header-above-stick-meta":"","header-main-stick-meta":"","header-below-stick-meta":"","footnotes":""},"class_list":["post-3448","page","type-page","status-publish","hentry"],"_links":{"self":[{"href":"https:\/\/xn--bestilmorgenbrd-jub.dk\/odense-s\/wp-json\/wp\/v2\/pages\/3448","targetHints":{"allow":["GET"]}}],"collection":[{"href":"https:\/\/xn--bestilmorgenbrd-jub.dk\/odense-s\/wp-json\/wp\/v2\/pages"}],"about":[{"href":"https:\/\/xn--bestilmorgenbrd-jub.dk\/odense-s\/wp-json\/wp\/v2\/types\/page"}],"author":[{"embeddable":true,"href":"https:\/\/xn--bestilmorgenbrd-jub.dk\/odense-s\/wp-json\/wp\/v2\/users\/1"}],"replies":[{"embeddable":true,"href":"https:\/\/xn--bestilmorgenbrd-jub.dk\/odense-s\/wp-json\/wp\/v2\/comments?post=3448"}],"version-history":[{"count":16,"href":"https:\/\/xn--bestilmorgenbrd-jub.dk\/odense-s\/wp-json\/wp\/v2\/pages\/3448\/revisions"}],"predecessor-version":[{"id":3696,"href":"https:\/\/xn--bestilmorgenbrd-jub.dk\/odense-s\/wp-json\/wp\/v2\/pages\/3448\/revisions\/3696"}],"wp:attachment":[{"href":"https:\/\/xn--bestilmorgenbrd-jub.dk\/odense-s\/wp-json\/wp\/v2\/media?parent=3448"}],"curies":[{"name":"wp","href":"https:\/\/api.w.org\/{rel}","templated":true}]}}