{"id":3554,"date":"2020-07-04T08:20:36","date_gmt":"2020-07-04T08:20:36","guid":{"rendered":"https:\/\/xn--bestilmorgenbrd-jub.dk\/odense-s\/?page_id=3554"},"modified":"2020-07-04T08:21:24","modified_gmt":"2020-07-04T08:21:24","slug":"persondata-politik","status":"publish","type":"page","link":"https:\/\/xn--bestilmorgenbrd-jub.dk\/odense-s\/persondata-politik\/","title":{"rendered":"Persondata politik"},"content":{"rendered":"\t\t<div data-elementor-type=\"wp-page\" data-elementor-id=\"3554\" class=\"elementor elementor-3554\">\n\t\t\t\t\t\t<section class=\"elementor-section elementor-top-section elementor-element elementor-element-2542970a elementor-section-content-middle elementor-section-boxed elementor-section-height-default elementor-section-height-default\" data-id=\"2542970a\" data-element_type=\"section\" data-settings=\"{&quot;background_background&quot;:&quot;gradient&quot;}\">\n\t\t\t\t\t\t\t<div class=\"elementor-background-overlay\"><\/div>\n\t\t\t\t\t\t\t<div class=\"elementor-container elementor-column-gap-default\">\n\t\t\t\t\t<div class=\"elementor-column elementor-col-100 elementor-top-column elementor-element elementor-element-f08ad69\" data-id=\"f08ad69\" data-element_type=\"column\">\n\t\t\t<div class=\"elementor-widget-wrap elementor-element-populated\">\n\t\t\t\t\t\t<div class=\"elementor-element elementor-element-7e2f7924 elementor-widget elementor-widget-heading\" data-id=\"7e2f7924\" data-element_type=\"widget\" data-widget_type=\"heading.default\">\n\t\t\t\t<div class=\"elementor-widget-container\">\n\t\t\t\t\t<h2 class=\"elementor-heading-title elementor-size-default\">Persondata politik<\/h2>\t\t\t\t<\/div>\n\t\t\t\t<\/div>\n\t\t\t\t<div class=\"elementor-element elementor-element-599deb81 elementor-widget elementor-widget-text-editor\" data-id=\"599deb81\" data-element_type=\"widget\" data-widget_type=\"text-editor.default\">\n\t\t\t\t<div class=\"elementor-widget-container\">\n\t\t\t\t\t\t\t\t\t<h4><span style=\"font-size: 1.25rem; font-weight: bold; background-color: transparent;\">Oversigt<\/span><\/h4><p>Hvem er ansvarlig for dine oplysninger<br \/>Hvad bruger vi dine oplysninger til<br \/>Hvad danner grundlag for vores behandling af oplysninger om dig<br \/>Hvem deler vi vores oplysninger med<br \/>Hvor l\u00e6nge bevare vi oplysninger om dig<br \/>Hvilke rettigheder har du og hvor kan du klage<\/p><h4>1. Hvem er ansvarlig for dine oplysninger<\/h4><p>Ansvarlig for behandlingen af dine personoplysninger:<\/p><p>Bestilmorgenbr\u00f8d v\/Techmaster<br \/>Ugletoften 10<br \/>5260 Odense S<br \/>CVR.nr. 36 34 62 56<br \/>supportdk@techmaster.dk eller info@bestilmorgenbr\u00f8d.dk<\/p><p>\u00a0<\/p><h4>2. Hvad bruges dine oplysninger til<\/h4><p>Vi behandler dine personoplysninger til f\u00f8lgende form\u00e5l:<br \/>Levering af aftalte ydelser\/vare\/services.<br \/>I forbindelse med eventuelt opst\u00e5ede retskrav.<br \/>Afgivelsen af personoplysninger kan v\u00e6re n\u00f8dvendig i forbindelse med indg\u00e5elsen af en kontrakt om levering af produkter eller tjenester. I disse situationer vil vi ikke v\u00e6re i stand til, at tilbyde dig vores produkter eller tjenester medmindre du meddeler os de p\u00e5kr\u00e6vede oplysninger.<\/p><p>\u00a0<\/p><h4>3. P\u00e5 hvilket grundlag behandler vi dine personoplysninger<\/h4><p>Vores behandling af personoplysninger er altid baseret p\u00e5 et lovligt grundlag<br \/>Vi kan behandle dine personoplysninger p\u00e5 f\u00f8lgende grundlag:<\/p><p>Dit udtrykkelige samtykke som kunde ved Bestilmorgenbr\u00f8d<br \/>Behandlingen er n\u00f8dvendige for at opfylde en kontrakt som du er part i, eller af hensyn til gennemf\u00f8relsen af foranstaltninger, der tr\u00e6ffes p\u00e5 din anmodning forud for indg\u00e5elsen af en kontrakt, eksempelvis n\u00e5r du handler p\u00e5 vores hjemmeside<br \/>Behandlingen er n\u00f8dvending for at opfylde en retlig forpligtelse der p\u00e5hviler Bestilmorgenbr\u00f8d, eksempelvis behandling og opbevaring af transaktionsoplysninger i henhold til bogf\u00f8ringsloven<br \/>Behandlingen er n\u00f8dvendige for, at Bestilmorgenbr\u00f8d eller tredjemand kan forf\u00f8lge en legitim interesse<\/p><p>\u00a0<\/p><h4>4. Hvem deler vi dine oplysninger med<\/h4><p>Vi deler oplysninger om dig med:<\/p><p>Vores leverand\u00f8rer af IT-services (databehandlere)<br \/>Eksterne revisorer<br \/>Offentlige myndigheder, s\u00e5fremt det er p\u00e5kr\u00e6vet i henhold til lov<br \/>Advarselsregistre der identificerer risikable transaktioner med det form\u00e5l, at bek\u00e6mpe (organiseret) onlinesvindel.<span style=\"color: #333333; font-family: Merriweather, serif; font-size: 1.25rem; font-weight: bold; background-color: transparent;\"><br \/><\/span><\/p><p><span style=\"color: #333333; font-family: Merriweather, serif; font-size: 1.25rem; font-weight: bold; background-color: transparent;\">5. Hvor l\u00e6nge opbevare vi dine oplysninger<\/span><\/p><p>Oplysninger du selv har indtastet p\u00e5 din Bestilmorgenbr\u00f8d profil gemmes s\u00e5 l\u00e6nge du opretholder din konto. Hvis du framelder dig\u00a0 beholder vi oplysningerne i yderligere 6 m\u00e5neder for at give dig mulighed for at se k\u00f8bskvitteringer fra f\u00f8r frameldingen. Oplysningerne vil herefter blive slettet. Transaktionsoplysninger gemmes i 6 \u00e5r som f\u00f8lge af Bogf\u00f8ringsloven<br \/>Oplysninger tilknyttet en transaktion som g\u00e6st gemmes i 6 \u00e5r som f\u00f8lge af Bogf\u00f8ringsloven<\/p><p>\u00a0<\/p><h4>6. Hvilke rettigheder har du<\/h4><p>Som kunde hos Bestilmorgenbr\u00f8d har du som registreret ret til at ud\u00f8ve f\u00f8lgende rettigheder:<\/p><p>Indsigt og berigtigelse af dine oplysninger p\u00e5 Bestilmorgenbr\u00f8d.dk<br \/>Sletning efter anmodning<br \/>Dataportabilitet, dvs. at du efter anmodning kan f\u00e5 udleveret de oplysninger du selv har afgivet til Bestilmorgenbr\u00f8d i et struktureret, almindeligt og maskinl\u00e6sbart format<br \/>Mulighed for at tr\u00e6kke dit samtykke tilbage. Tilbagetr\u00e6kningen af samtykket ber\u00f8rer ikke lovligheden af den behandling, der er baseret p\u00e5 samtykke inden tilbagetr\u00e6kning<br \/>Mulighed for at g\u00f8re indsigelse mod profilering<br \/>Mulighed for at kr\u00e6ve begr\u00e6nsning af behandlingen af personoplysninger<br \/>Som kunde hos Bestilmorgenbr\u00f8d har du til enhver tid ret til, at besigtige og berigtige dine oplysninger ligesom du har mulighed for at tr\u00e6kke samtykket til behandlingen af personoplysninger tilbage<br \/>Du kan til enhver tid anmode om, at f\u00e5 dine personoplysninger hos Bestilmorgenbr\u00f8d slettet. Dine oplysninger vil blive slettet p\u00e5 din anmodning<br \/>Ud\u00f8velsen af dine rettigheder kan v\u00e6re underlagt betingelser og begr\u00e6nsninger, og vil ofte afh\u00e6nge af den konkrete behandlingssituation. Hvis du mener at Bestilmorgenbr\u00f8d behandler dine personoplysninger ulovligt, har du i medf\u00f8r af Persondataforordningens artikel 77 mulighed for, at indgive en klage til en tilsynsmyndighed, navnlig i den medlemsstat hvor du har dit s\u00e6dvanlige opholdssted, arbejdssted eller hvor den p\u00e5st\u00e5ede overtr\u00e6delse har fundet sted Du kan indgive en klage til det danske datatilsyn ved at f\u00f8lge dette link: https:\/\/www.datatilsynet.dk\/borger\/klage-til-datatilsynet\/<\/p>\t\t\t\t\t\t\t\t<\/div>\n\t\t\t\t<\/div>\n\t\t\t\t\t<\/div>\n\t\t<\/div>\n\t\t\t\t\t<\/div>\n\t\t<\/section>\n\t\t\t\t<\/div>\n\t\t","protected":false},"excerpt":{"rendered":"<p>Persondata politik Oversigt Hvem er ansvarlig for dine oplysningerHvad bruger vi dine oplysninger tilHvad danner grundlag for vores behandling af oplysninger om digHvem deler vi vores oplysninger medHvor l\u00e6nge bevare vi oplysninger om digHvilke rettigheder har du og hvor kan du klage 1. Hvem er ansvarlig for dine oplysninger Ansvarlig for behandlingen af dine personoplysninger: &hellip;<\/p>\n<p class=\"read-more\"> <a class=\"\" href=\"https:\/\/xn--bestilmorgenbrd-jub.dk\/odense-s\/persondata-politik\/\"> <span class=\"screen-reader-text\">Persondata politik<\/span> L\u00e6s mere &raquo;<\/a><\/p>\n","protected":false},"author":1,"featured_media":0,"parent":0,"menu_order":0,"comment_status":"closed","ping_status":"closed","template":"","meta":{"site-sidebar-layout":"no-sidebar","site-content-layout":"page-builder","ast-global-header-display":"","ast-main-header-display":"","ast-hfb-above-header-display":"","ast-hfb-below-header-display":"","ast-hfb-mobile-header-display":"","site-post-title":"disabled","ast-breadcrumbs-content":"","ast-featured-img":"disabled","footer-sml-layout":"","theme-transparent-header-meta":"default","adv-header-id-meta":"","stick-header-meta":"","header-above-stick-meta":"","header-main-stick-meta":"","header-below-stick-meta":"","footnotes":""},"class_list":["post-3554","page","type-page","status-publish","hentry"],"_links":{"self":[{"href":"https:\/\/xn--bestilmorgenbrd-jub.dk\/odense-s\/wp-json\/wp\/v2\/pages\/3554","targetHints":{"allow":["GET"]}}],"collection":[{"href":"https:\/\/xn--bestilmorgenbrd-jub.dk\/odense-s\/wp-json\/wp\/v2\/pages"}],"about":[{"href":"https:\/\/xn--bestilmorgenbrd-jub.dk\/odense-s\/wp-json\/wp\/v2\/types\/page"}],"author":[{"embeddable":true,"href":"https:\/\/xn--bestilmorgenbrd-jub.dk\/odense-s\/wp-json\/wp\/v2\/users\/1"}],"replies":[{"embeddable":true,"href":"https:\/\/xn--bestilmorgenbrd-jub.dk\/odense-s\/wp-json\/wp\/v2\/comments?post=3554"}],"version-history":[{"count":2,"href":"https:\/\/xn--bestilmorgenbrd-jub.dk\/odense-s\/wp-json\/wp\/v2\/pages\/3554\/revisions"}],"predecessor-version":[{"id":3559,"href":"https:\/\/xn--bestilmorgenbrd-jub.dk\/odense-s\/wp-json\/wp\/v2\/pages\/3554\/revisions\/3559"}],"wp:attachment":[{"href":"https:\/\/xn--bestilmorgenbrd-jub.dk\/odense-s\/wp-json\/wp\/v2\/media?parent=3554"}],"curies":[{"name":"wp","href":"https:\/\/api.w.org\/{rel}","templated":true}]}}