{"id":3914,"date":"2020-08-25T14:30:36","date_gmt":"2020-08-25T14:30:36","guid":{"rendered":"https:\/\/xn--bestilmorgenbrd-jub.dk\/odense-s\/shop\/import-placeholder-for-3776\/"},"modified":"2020-08-25T14:30:45","modified_gmt":"2020-08-25T14:30:45","slug":"smelteost-i-bidder","status":"publish","type":"product","link":"https:\/\/xn--bestilmorgenbrd-jub.dk\/odense-s\/shop\/smelteost-i-bidder\/","title":{"rendered":"Smelteost i bidder"},"content":{"rendered":"<p>BUKO smelteost i bidder 140g<\/p>\n<p><strong>ingredienser<\/strong><\/p>\n<p>smelteost med rejer: ost, vand, rejer 8% (kan indeholde spor af fisk og bl\u00f8ddyr), sm\u00f8r, smeltesalt (e339), vallepermeatpulver (m\u00e6lk), surhedsregulerende middel (citronsyre). smelteost med skinke: ost, vand, kogt r\u00f8get skinke 8% (skinke, salt, dextrose), sm\u00f8r, smeltesalt (e339), vallepermeatpulver (m\u00e6lk), surhedsregulerende middel (citronsyre). smelteost med champignon: ost, vand, blancherede champignon 8% (champignon, salt), sm\u00f8r, smeltesalt (e339), vallepermeatpulver (m\u00e6lk), surhedsregulerende middel (citronsyre). smelteost med krydderi: ost, vand, sm\u00f8r, smeltesalt (e339), vallepermeatpulver (m\u00e6lk), r\u00f8d t\u00f8rret paprika granulat, sort peber, surhedsregulerende middel (citronsyre), hvid peber.<\/p>\n","protected":false},"excerpt":{"rendered":"<p>BUKO Smelteost i bidder 140g<\/p>\n","protected":false},"featured_media":3956,"comment_status":"open","ping_status":"closed","template":"","meta":{"site-sidebar-layout":"default","site-content-layout":"default","ast-global-header-display":"","ast-main-header-display":"","ast-hfb-above-header-display":"","ast-hfb-below-header-display":"","ast-hfb-mobile-header-display":"","site-post-title":"","ast-breadcrumbs-content":"","ast-featured-img":"","footer-sml-layout":"","theme-transparent-header-meta":"default","adv-header-id-meta":"","stick-header-meta":"","header-above-stick-meta":"","header-main-stick-meta":"","header-below-stick-meta":""},"product_brand":[],"product_cat":[29],"product_tag":[123],"class_list":{"0":"post-3914","1":"product","2":"type-product","3":"status-publish","4":"has-post-thumbnail","6":"product_cat-paalaeg","7":"product_tag-smelteost-i-bidder","8":"desktop-align-center","9":"tablet-align-center","10":"mobile-align-center","12":"first","13":"instock","14":"taxable","15":"shipping-taxable","16":"purchasable","17":"product-type-simple"},"_links":{"self":[{"href":"https:\/\/xn--bestilmorgenbrd-jub.dk\/odense-s\/wp-json\/wp\/v2\/product\/3914","targetHints":{"allow":["GET"]}}],"collection":[{"href":"https:\/\/xn--bestilmorgenbrd-jub.dk\/odense-s\/wp-json\/wp\/v2\/product"}],"about":[{"href":"https:\/\/xn--bestilmorgenbrd-jub.dk\/odense-s\/wp-json\/wp\/v2\/types\/product"}],"replies":[{"embeddable":true,"href":"https:\/\/xn--bestilmorgenbrd-jub.dk\/odense-s\/wp-json\/wp\/v2\/comments?post=3914"}],"version-history":[{"count":1,"href":"https:\/\/xn--bestilmorgenbrd-jub.dk\/odense-s\/wp-json\/wp\/v2\/product\/3914\/revisions"}],"predecessor-version":[{"id":3957,"href":"https:\/\/xn--bestilmorgenbrd-jub.dk\/odense-s\/wp-json\/wp\/v2\/product\/3914\/revisions\/3957"}],"wp:featuredmedia":[{"embeddable":true,"href":"https:\/\/xn--bestilmorgenbrd-jub.dk\/odense-s\/wp-json\/wp\/v2\/media\/3956"}],"wp:attachment":[{"href":"https:\/\/xn--bestilmorgenbrd-jub.dk\/odense-s\/wp-json\/wp\/v2\/media?parent=3914"}],"wp:term":[{"taxonomy":"product_brand","embeddable":true,"href":"https:\/\/xn--bestilmorgenbrd-jub.dk\/odense-s\/wp-json\/wp\/v2\/product_brand?post=3914"},{"taxonomy":"product_cat","embeddable":true,"href":"https:\/\/xn--bestilmorgenbrd-jub.dk\/odense-s\/wp-json\/wp\/v2\/product_cat?post=3914"},{"taxonomy":"product_tag","embeddable":true,"href":"https:\/\/xn--bestilmorgenbrd-jub.dk\/odense-s\/wp-json\/wp\/v2\/product_tag?post=3914"}],"curies":[{"name":"wp","href":"https:\/\/api.w.org\/{rel}","templated":true}]}}